In base 9, what is -138 - -368640?
368501
In base 7, what is 141 + -455553?
-455412
In base 16, what is -7b5eb0 - 0?
-7b5eb0
In base 2, what is 111110110111101011110110 + -10000?
111110110111101011100110
In base 6, what is -1514 + 5115221?
5113303
In base 3, what is 1021022211 + 2022221?
1100122202
In base 3, what is -20120111112220 - 0?
-20120111112220
In base 4, what is -3 - -232101222331?
232101222322
In base 5, what is 1431341 + 2431?
1434322
In base 8, what is 6045 + -2210?
3635
In base 2, what is 10001 + 1101010110000111000111100?
1101010110000111001001101
In base 2, what is -100 + 1101111000000101011101?
1101111000000101011001
In base 9, what is -528 - 3176?
-3715
In base 2, what is 1010001 + 111101010011110101?
111101010101000110
In base 2, what is 10101110100001010 - -1110111011?
10110000011000101
In base 14, what is d9 - 5d755c?
-5d7463
In base 10, what is 5 - -3262107?
3262112
In base 2, what is 10111110011011111 + 11001101001?
11000001101001000
In base 15, what is -10753bc + 3?
-10753b9
In base 4, what is 32000203 + 20121?
32020330
In base 14, what is -275 - 7701?
-7976
In base 15, what is -3c + 8c4d?
8c11
In base 9, what is 4527153 + 43?
4527206
In base 8, what is 62 + -133363?
-133301
In base 7, what is -155 - 123364?
-123552
In base 15, what is -6 + -53231ea?
-5323201
In base 5, what is 0 - 12032411223?
-12032411223
In base 5, what is 1133024133111 + -4?
1133024133102
In base 11, what is -123 - 1141588?
-1141700
In base 16, what is 8ea0 - 130?
8d70
In base 3, what is -10 - -1012100021020111?
1012100021020101
In base 16, what is 0 + 1d95e36?
1d95e36
In base 5, what is 2240 + 430320?
433110
In base 16, what is 10fc86d - 8?
10fc865
In base 11, what is 18a1855aa - 3?
18a1855a7
In base 3, what is 1111101 - 12021010?
-10202202
In base 15, what is -7b6 + -a8eb?
-b1b2
In base 12, what is -43647 + -40?
-43687
In base 6, what is -115252 + -201054?
-320350
In base 4, what is 31323 + -2013120?
-1321131
In base 13, what is 396a + 2009?
5976
In base 16, what is -6d88389a + 1?
-6d883899
In base 9, what is 732140508 + 0?
732140508
In base 14, what is 2b8a3259 - 5?
2b8a3254
In base 16, what is 8 + -259fc3?
-259fbb
In base 7, what is 523 - -335003?
335526
In base 5, what is -33123110 - 2132?
-33130242
In base 4, what is 3 - -11001023202?
11001023211
In base 7, what is -2 + -22022064?
-22022066
In base 5, what is -1304 + -12210121?
-12211430
In base 15, what is be + -1de?
-120
In base 16, what is 2 - -3569c9?
3569cb
In base 14, what is 33cc - -5c?
344a
In base 11, what is 846050 - -29?
846079
In base 12, what is -5 - -157975a7?
157975a2
In base 6, what is 30000355 + -21?
30000334
In base 2, what is 1001100001100100000110100000 - 10?
1001100001100100000110011110
In base 13, what is a7 + -276bb?
-27614
In base 2, what is -1000010 + 111100000000110?
111011111000100
In base 7, what is -426056 - 1614?
-431003
In base 15, what is 29d679 - 62?
29d617
In base 11, what is -190 + 16092?
15a02
In base 14, what is 153da - 19b?
1523d
In base 15, what is -b + -1477ac?
-1477b8
In base 5, what is 1102 - 41432311?
-41431204
In base 7, what is 10154232 - -1?
10154233
In base 8, what is -2 - 126451564?
-126451566
In base 2, what is -11010111011110001100010 - -10110?
-11010111011110001001100
In base 2, what is 11001 - 1101011110111101000?
-1101011110111001111
In base 11, what is -174a519 + 4?
-174a515
In base 15, what is a + -3561a?
-35610
In base 4, what is -132311 - 3223330?
-10022301
In base 12, what is -7a0 + -163a82?
-164662
In base 5, what is -2 - -212112221?
212112214
In base 15, what is 82c3e3 + -6?
82c3dc
In base 2, what is 100100110011011101101100 + -100101?
100100110011011101000111
In base 10, what is 36280238 + 2?
36280240
In base 8, what is 20651561 + 15?
20651576
In base 2, what is 101001 + -1110000101110000001001?
-1110000101101111100000
In base 8, what is -4 + -142533533?
-142533537
In base 14, what is -c - -860724?
860716
In base 6, what is 11232 + -5325303?
-5314031
In base 3, what is -11200001012 - 10012222?
-11210021011
In base 12, what is 0 - 43748b0?
-43748b0
In base 3, what is 10 + 10021212010020?
10021212010100
In base 13, what is 1ba466 + -b10?
1b9656
In base 13, what is -30006805 + -1?
-30006806
In base 14, what is 49206 - -15?
4921b
In base 7, what is -432 + 2332213?
2331451
In base 13, what is 1784798 - 55?
1784743
In base 5, what is 104 - 1040303240?
-1040303131
In base 2, what is 1010101011001111000000 + 10000?
1010101011001111010000
In base 11, what is -4 + 258180?
258177
In base 13, what is 354 - 1a06a?
-19a16
In base 2, what is -110001110000100110 + 10000101100?
-110001011111111010
In base 7, what is -124424 + 1026?
-123365
In base 4, what is -1021133120 + 231?
-1021132223
In base 6, what is -213323 + -244?
-214011
In base 13, what is -1 - -119302?
119301
In base 7, what is -14602 + -3142?
-21044
In base 11, what is -9 - 249813?
-249821
In base 13, what is 2 - -165bb4b2?
165bb4b4
In base 7, what is 14 + -1413252545?
-1413252531
In base 14, what is 384c7b + 2d?
384caa
In base 9, what is -536 + -155840?
-156476
In base 7, what is -662 + 54003?
53011
In base 15, what is -17657 + a9b?
-16aab
In base 12, what is 8ab17 + 21?
8ab38
In base 14, what is a7044 - 35?
a700d
In base 12, what is 12 - -54479?
5448b
In base 13, what is a65360 + -a5?
a65288
In base 15, what is -12084b9 + 3?
-12084b6
In base 16, what is 170db208 - -2?
170db20a
In base 15, what is d744 - -ee?
d843
In base 3, what is -10202 - 1001200212011002?
-1001200212021211
In base 4, what is 1232123201302 - -2?
1232123201310
In base 14, what is 4 + 2da189c?
2da18a2
In base 14, what is 19434b - 23?
194328
In base 7, what is 400 - 446652?
-446252
In base 10, what is -1 + -75935016?
-75935017
In base 7, what is -1 + 4450336?
4450335
In base 10, what is -201718020 + -3?
-201718023
In base 13, what is -1ab4901b0 - -4?
-1ab4901a9
In base 16, what is 1d4d2 - 1658?
1be7a
In base 8, what is -15066501 - 12?
-15066513
In base 10, what is 1852784 - 0?
1852784
In base 4, what is 320103222111 - -122?
320103222233
In base 2, what is 10001 + 100110111110101000111?
100110111110101011000
In base 8, what is -267 - -65420?
65131
In base 8, what is -2715 + 316575?
313660
In base 2, what is 10111011111011110 - -110100111101?
11000010100011011
In base 11, what is -12219 + -4427?
-16645
In base 14, what is -368d6 - 1139?
-37a31
In base 8, what is 4544 + 217074?
223640
In base 5, what is 112214 + 213323?
331042
In base 8, what is 207136 - 343?
206573
In base 6, what is -20050142 + 4032?
-20042110
In base 2, what is -1111011000 - -1011101011000011?
1011011011101011
In base 12, what is -21 + -b6b521?
-b6b542
In base 7, what is 2 - 144051613?
-144051611
In base 8, what is -11254 + 2134?
-7120
In base 10, what is -36 - 2945985?
-2946021
In base 7, what is -1013 + 126112?
125066
In base 4, what is -133122011100 + -2?
-133122011102
In base 11, what is -2a375777 - -3?
-2a375774
In base 7, what is -3 + -1241402605?
-1241402611
In base 13, what is -7 + 1c8bb528?
1c8bb521
In base 9, what is 8 - -47125?
47134
In base 4, what is -11033121 + -322020?
-12021201
In base 11, what is -1 + -773336?
-773337
In base 13, what is -3 + 107b4222?
107b421c
In base 4, what is -2 - 301303113220?
-301303113222
In base 7, what is 14466 - -666?
15465
In base 15, what is -85922 - 432?
-85d54
In base 14, what is -2cbca - -1a0?
-2ca2a
In base 8, what is -3700 + 1102133?
1076233
In base 14, what is 11 - -4c814d2?
4c81503
In base 13, what is -36c - 147b52?
-1481c1
In base 4, what is -133112213011 - -3?
-133112213002
In base 12, what is 6897 - -8562?
13239
In base 13, what is -1aac92 + 32?
-1aac60
In base 15, what is -8b39b0 - -7?
-8b39a8
In base 5, what is 0 + -2041000030?
-2041000030
In base 9, what is -1208 - 1418?
-2627
In base 6, what is 5 + 3523115033?
3523115042
In base 10, what is 9 - -3408123?
3408132
In base 8, what is -454266370 - 3?
-454266373
In base 6, what is -130 + -204525414?
-204525544
In base 6, what is -241204 - -24345?
-212415
In base 15, what is -37cac3c + -a?
-37cac47
In base 9, what is 550570086 + 3?
550570100
In base 15, what is 238 + 1330?
1568
In base 8, what is -352 - 1426314?
-1426666
In base 4, what is 100 - 23313101332?
-23313101232
In base 3, what is 100000 + -2101112002022?
-2101111202022
In base 6, what 